 Calculate f(u).
-12
Let u(d) be the third derivative of -d**4/8 - d**3/6 + 67*d**2 - 2*d. Determine u(3).
-10
Let w be (-21)/2*(-32)/(-12). Let m = w - -34. Let u(t) = -t + 1. Calculate u(m).
-5
Suppose 5*d + y = 6*y + 35, 5*y = -5*d - 15. Let s(x) = 10*x + 1 - x + x**d + 7*x**3 - 7*x. Calculate s(-1).
-7
Let m(r) = -17*r - 9 - r**2 + 27*r + 2*r**2 - 14*r. Determine m(7).
12
Let z(s) be the third derivative of 1/24*s**4 + 0*s - s**3 + 4*s**2 + 0. Calculate z(0).
-6
Let y = 0 + -1. Let l(g) = 4*g + 1. Let d(k) = -k - 52*k**2 - 2 + 102*k**2 - 49*k**2 + 1. Let j(q) = y*l(q) - 2*d(q). Give j(1).
-3
Let f = -2266 + 2269. Let j(o) = -2*o - 4. Give j(f).
-10
Suppose 15*w - 16*w + 2 = 0. Let q(h) = 69*h**3 - 70*h**3 - 5 - 4*h + 2*h**w - 8*h**2. What is q(-6)?
19
Suppose 18*y - 133 = -7. Let b(h) = 3*h + 4. Determine b(y).
25
Let a(i) be the second derivative of i**3/2 + i**2/2 - 2*i. Let b be (-4)/(-3) - (-8)/12 - 3. What is a(b)?
-2
Let d(z) = 7 + z + 2 + 2. Let f be ((-2)/(-5))/(((-99)/270)/11). Give d(f).
-1
Let s be (-9)/(-12)*-4*(-4)/3. Let u(g) = -3*g + 5. Let x(y) = 6*y - 10. Let m(h) = -5*u(h) - 2*x(h). What is m(s)?
7
Let n = -71 + 76. Suppose 9 = 4*x - 2*t + 35, -31 = n*x - t. Let b(p) be the third derivative of p**6/120 + p**5/12 - p**4/4 - p**3 - 2*p**2. What is b(x)?
-6
Let o(h) = 21*h**2 - 2*h + 1. Let w be o(-3). Let j(q) = -98 + w - 92 + 2*q. Determine j(-6).
-6
Let c(s) = -6*s**3 - 8*s**2 + 16*s - 11. Let p(b) = -2*b**3 - 3*b**2 + 6*b - 4. Let o(j) = 3*c(j) - 8*p(j). Determine o(-1).
1
Let t = -5 - -3. Let z(j) be the second derivative of j**5/120 + j**4/12 - j**3/3 - 2*j. Let x(l) be the second derivative of z(l). What is x(t)?
0
Let z(b) = 2*b**2 + 3*b - 3. Let i(r) be the third derivative of -r**4/12 - r**3/2 + 2*r**2. Let f be i(0). Give z(f).
6
Suppose 11*k = 6*k. Suppose k*c + 20 = 4*c. Let n(o) = o + 1 - 5*o + c*o - 3. Give n(-4).
-6
Let v(o) = -6*o + 6. Let x(n) = 7*n - 8. Let b(k) = -3*v(k) - 2*x(k). Let d(f) = f + 6. Let q be d(-5). Let t be -2 + 1 - 1/q. Calculate b(t).
-10
Suppose 4*y - 4*n - 68 = 0, 2*y - 40 = 5*n - 0*n. Suppose 0 = 3*t - f - y, -1 = -t - f - 0. Let j(s) = -3*s - s**3 + 3*s**2 - 4 + 5*s - s + 2*s. Determine j(t).
-8
Let n(v) be the third derivative of v**4/24 + 7*v**3/6 + 2*v**2. Suppose -7*p = -6*u + 7*u + 28, 5*u - 30 = -p. Determine n(p).
2
Let m(k) = -3*k - 4. Let b be m(1). Let t(s) = -s**2 - 6*s - 6. What is t(b)?
-13
Suppose 3*a - 2*a = 4. Suppose 2*u - 4*u + r = -a, 5*r - 6 = -3*u. Let x(n) = 2*n + 5. Let g(f) = 6*f + 14. Let s(j) = 5*g(j) - 14*x(j). Determine s(u).
4
Let f(g) = g**3 + 23*g**2 + 22*g - 1. Let p be f(-22). Let s be p*(9/36 - (-26)/(-8)). Let b(k) = 2*k + 2. What is b(s)?
8
Let q = -5 - -17. Let s = 5 - q. Let p(k) = k**3 + 7*k**2 + k + 2. Determine p(s).
-5
Let y(b) = 2*b + 6. Suppose 4*p + 5 = 13. Suppose 2*w + 6 = -p*k, -5*k - 4 = 2*w + 8. Let z be 0 + -2 - w - 3. What is y(z)?
-2
Suppose 3*u = o + 4*u + 1, 0 = -2*o - 3*u - 4. Let j(k) = -k + 2. Let b be j(o). Let i(h) = 7*h - 1. Calculate i(b).
6
Let r(c) be the second derivative of -c**3/6 - 17*c**2/2 - 103*c. Give r(-12).
-5
Let s be 7/(-28) + (-5)/(-4). Let r be s - ((-12)/3)/1. Let w(x) = x**3 - 4*x**2 - 6*x + 2. Give w(r).
-3
Suppose -3*p = 2*p + 4*u - 30, -p + u = -6. Let s(v) = -v + p - 10 + 10. Suppose 0*x = 3*x. Determine s(x).
6
Let v(r) = -2*r + 2*r - 2*r. Let c(l) = -2*l. Let u(p) = -4*c(p) + 5*v(p). Calculate u(-4).
8
Let a(p) be the second derivative of p**4/6 + p**3/3 + p**2/2 + 6*p. Suppose 0*v + 2*v - 4 = 0. Suppose 3*l = 4*b - 0 - 14, v*b - 10 = 0. Give a(l).
13
Let n(g) = g**3 + 4*g**2 + 2. Let q = 8 + 1. Let r be ((-16)/(-24))/((-2)/q). What is n(r)?
11
Suppose -9 = 3*n, f = -3*n - 2 - 8. Let d be 1/(1/4) + -2. Let b(a) = -3*a**d + 5*a**2 - 7*a**2. Calculate b(f).
-5
Let w(r) = 2*r**2 - 10. Let h be w(-3). Let j(o) = -2*o + 11. Let n be j(h). Let g(k) = k**3 + 4*k**2 - 3*k + 5. Determine g(n).
-5
Let l be 8/3 - (-6)/18. Let g(k) = 4*k - k + 13*k + 0*k - 2 - 13*k. Calculate g(l).
7
Let d(n) = n**2 - 6*n - 5. Let r = -116 - -29. Let u be 3/(4 - r/(-24)). Determine d(u).
11
Let w(r) = -35 - 4 + r**3 + 40 + 2*r - 2*r**2. Calculate w(2).
5
Let l = 67 + -49. Suppose -15*k + l*k = 0. Let q(h) = h**2 - h - 5. Determine q(k).
-5
Let q(b) = b**2 + 7*b + 7. Let d be q(-6). Let j be -2 + 11 - ((8 - 3) + -2). Let u(g) = 3*g**3 - 4*g**3 + 12*g - 4 + d - 14*g - j*g**2. What is u(-6)?
9
Let m(x) = x**3 - 5*x**2 + 2*x - 5. Let o be ((-9)/6)/3*-18. Suppose -2*y = -1 - o. What is m(y)?
5
Let q(x) = -x**3 + 3*x**2 + 4*x - 3. Let s(k) = -3*k - 11. Let d be s(-5). Suppose 4*u + 6 = 5*j + 18, -4*u + 12 = d*j. Determine q(u).
9
Let n(t) = -2*t - 4. Let v(k) = -k**2 - 22*k - 44. Let i(x) = 7*n(x) - v(x). Calculate i(-4).
0
Let n be (-3)/(-3)*7 + -2. Suppose -4*r = -20, -4*t - r + n = -t. Let g(h) be the second derivative of -h**3/6 + 2*h**2 + 5*h. What is g(t)?
4
Let j(r) = -6*r + 8. Let d(p) = 5*p - 8. Let z(q) = -5*d(q) - 4*j(q). Let c(w) = -2*w + 13. Let i be c(27). Let a = i - -41. Calculate z(a).
8
Let o(z) = -5*z**2 + 3*z + 5. Let v(f) = f**2 + 2*f - 1. Let i(c) = -o(c) - 4*v(c). Let g be (11/(-2))/(5/(-10)). What is i(g)?
-1
Let d(i) = -i**3 + 6*i**2 + 7. Suppose -4*t - 46 = -p + 3*p, 2*t + 43 = 3*p. Suppose -2*q = 30 - 14. Let z = q - t. What is d(z)?
7
Let q(x) be the second derivative of x**3/3 - 44*x + 1. Let s = -1 + 2. Let f = s - 3. Give q(f).
-4
Let v(a) = -2*a + 1924 - 1925 - 2*a**2 + 0*a + 0*a**2 + 6*a**3. Give v(-1).
-7
Let i(n) = -29*n**3 - 5*n**2 + 8*n - 5. Let a(y) = -43*y**3 - 7*y**2 + 11*y - 7. Let q(c) = -5*a(c) + 7*i(c). Determine q(1).
13
Let z = 51 - 46. Let a(t) = t**3 - 5*t**2 - t + 7. What is a(z)?
2
Let b be (-48)/(-3) + -18 + 13. Let h(z) = z**3 - 12*z**2 + 12*z + 6. Calculate h(b).
17
Let o(a) = -a**3 - 5*a**2 - 6*a + 2. Suppose 2229*x - 2237*x = 24. Calculate o(x).
2
Let b = -50 + 45. Let c(p) = 6*p**2 - 12*p**2 + 4 + 7*p**2 + 9*p. Calculate c(b).
-16
Let g(m) = 3*m**3 + 69*m**2 + 2*m + 49. Let l be g(-23). Let v(w) be the second derivative of -6*w + 0 + 1/2*w**2 + 1/6*w**l. Give v(-6).
-5
Let z(j) = 2*j**3 - 2*j**2 - j - 2. Let c(y) = -y**3 + 16*y**2 + 38*y - 32. Let x be c(18). Suppose -x*i + 0 = -8. Calculate z(i).
4
Let m(c) = -10 - 9*c + c**3 + 4 + 11 - 6*c**2. Let p be (14/(-4))/((-21)/42). Calculate m(p).
-9
Let d(m) = -m - 10. Suppose -4*n - 41 + 1 = 0. What is d(n)?
0
Let f(o) = -2*o - 12. Let r = 4 - -8. Let h be 6 - r - (-4)/(-2). Give f(h).
4
Let v = -51 - -52. Let f(m) = -m**3 + m**2 - m. Let j(k) = 3*k**3 - 5*k**2 + k - 2. Let u(q) = v*j(q) + 2*f(q). What is u(3)?
-5
Let q(w) = -w**2 + 6*w. Let i be (-1)/(-1) - (4 + -2). Let k = 94 + -43. Let d be i/(-3 + k/18). Give q(d).
0
Let k(v) = v**2 + 10*v - 10. Let d be k(-10). Let l = -5 - d. Let o(i) = 4 - 14*i - l + 22*i. What is o(-1)?
-9
Let h(u) be the first derivative of -5 + 0*u + 9/2*u**2. What is h(1)?
9
Let s(k) = 2 + k - 4 - 4. Suppose -2 = 4*l + 2. Let w be l + 4/(16/4). Calculate s(w).
-6
Let j = 29 + -27. Let n(m) = -5*m**2 - m + 0*m + 7*m**j. Give n(2).
6
Let o(p) = -11*p**3 + 17*p**2 + 2*p - 28. Let l(y) = 5*y**3 - 8*y**2 - y + 12. Let x(j) = -9*l(j) - 4*o(j). Let d = -5 + 9. What is x(d)?
8
Suppose 7 = -5*c + 2*p - 13, 5*p = -c - 4. Let u(f) be the third derivative of -f**4/12 + f**3/6 - 13*f**2. What is u(c)?
9
Let o(v) be the first derivative of v**5/40 - 3*v**3 + 1. Let q(d) be the third derivative of o(d). Determine q(-1).
-3
Let r be ((-42)/(-5))/(16/40). Let z be 6/(-14) + (-33)/r. Let v(c) = 3*c**2 + 3*c + 1. What is v(z)?
7
Suppose 0 = 6*h - 36*h - 240. Let v(x) = -x**2 - 8*x - 6. Determine v(h).
-6
Let n(c) = c**2 - 8*c - 13. Let r(y) = y**3 + 7*y**2 - 29*y + 20. Let b be r(-10). Give n(b).
7
Let m(f) = -f**3 + 5*f**2 - 9*f + 18. Let d be -2 + (-144)/(-75) + 204/50. Calculate m(d).
-2
Let n(u) = -u**3 + u**2 + 25*u + 35. Let g be n(-3). Let j(b) be the first derivative of b**2/2 + 5*b - 1. What is j(g)?
1
Let p(i) = i - i + i - 28. Let m be p(9). Let r = m + 13. Let f(l) = l**2 + 5*l - 8. What is f(r)?
-2
Let g(z) = -6 - 1 - z + 1. Suppose 1052 - 206 = 9*m. Let l = -102 + m. Give g(l).
2
Let u be ((-5)/(-2) + -2)*-2. Let p be 0/(-3) - u*1. Let g(k) = -k**3 + 3*k - 8. Let q(x) = x - 2. Let z(f) = -g(f) + 4*q(f). 